-1 - -5)/(1*2). Suppose -k*h - 80 = -5*y - h, -5*h = -4*y + 85. Suppose -y + 96 = 3*p. What is the remainder when p is divided by 15?
12
Let b = -2 - -6. Let r(l) = l**3 - 3*l**2 - 4*l + 3. What is the remainder when b is divided by r(4)?
1
Suppose -5*z = 5*d - 15, -2*d - 2*z + 10 = 2*d. Suppose 0*x = d*x + 26. Let s = -3 - x. What is the remainder when 19 is divided by s?
9
Suppose 0 = -4*w + 22 + 82. What is the remainder when w is divided by ((-11)/(-11))/((-2)/(-28))?
12
Let u(a) = a**3 - a**2 - a - 1. Let l be u(2). Calculate the remainder when (-23)/(-2 - (l - 2)) is divided by 6.
5
Let o(m) = m**2 - 5*m + 1. Suppose 6*n - 8*n + 34 = 0. Let g = 30 - n. Calculate the remainder when o(-4) is divided by g.
11
Let g = -25 + 62. Suppose v = -v + 8. Let j = g + v. What is the remainder when j is divided by 14?
13
Let c(t) = -t**3 + 2 + 0*t**2 - 4*t**2 + 0*t + 3*t. Calculate the remainder when 34 is divided by c(-5).
10
Let m = -3 - -6. Suppose -5*x = -5*y + 2 + 3, -y + 5*x + 5 = 0. Suppose y = -0*q + 3*q - 24. What is the remainder when q is divided by m?
2
Suppose 3*j - 12 = -j. Let s(l) = 4*l + 1. Calculate the remainder when (74/8)/(1/4) is divided by s(j).
11
Let z be 0 - (42/(-2) + -2). Suppose 3*y - 6 - z = 5*r, 3*y - 9 = 0. Let g = 17 + r. Calculate the remainder when 24 is divided by g.
11
Calculate the remainder when 113 is divided by (-29)/1*(-3 - -2).
26
Let y = -61 - -104. Let s be 0 + -2 + (-2)/(-2). What is the remainder when y is divided by (-15)/(1 + (s - 1))?
13
Let i be (-8)/44 - (-24)/11. Suppose 3*j - i*j - 23 = 0. What is the remainder when j is divided by (1/2)/(2/48)?
11
Let v be (3/2)/((-5)/(-60)). Let l = 10 + v. Calculate the remainder when l is divided by 15.
13
Let m = 36 - 21. Let a = -105 + 149. Calculate the remainder when a is divided by m.
14
Suppose -136 = 3*h - 4*h. Suppose t - h = -t. Suppose 2*f = 6*f - t. What is the remainder when f is divided by 9?
8
Let b = -7 - -3. Let v be b/(-10) + 184/(-10). Let l = 37 + v. What is the remainder when l is divided by 10?
9
Let x(z) = -z**2 + 2*z + 3. Let f be x(4). Let u(v) = v**3 + 7*v**2 + 6*v + 2. What is the remainder when 42 is divided by u(f)?
20
Suppose 0 = 2*k + 141 - 39. What is the remainder when 2/8 - k/4 is divided by 5?
3
Let b(i) be the first derivative of 22*i**3 - 3. Let d be b(-1). What is the remainder when (-1)/((-134)/d - -2) is divided by 17?
16
Suppose 2*h + 6 = 5*h - 3*r, -5*h + 11 = -4*r. Let p = h - 2. Let m = -8 + 9. What is the remainder when p is divided by m?
0
Suppose z - 2*a + 0 + 3 = 0, -20 = -5*a. What is the remainder when 9 is divided by z?
4
Suppose 2*a + 2*o = -22, -2*o - 36 + 2 = 4*a. Let n(d) = d**2 + 6*d + 1. Calculate the remainder when n(a) is divided by 1.
0
Suppose -48 = 2*b + 2*b. Let h = 34 + b. Calculate the remainder when h is divided by 13.
9
Let g(a) = 22*a**2 + 2*a + 1. Suppose -3*o = 12, 5*c + 1 + 0 = o. Let y be g(c). Let l = y + 0. Calculate the remainder when l is divided by 11.
10
Let m(d) = 4*d + 2. Let j be (-1 + 2)/((-5)/(-135)). Suppose j = -3*y + 5*k + 126, 0 = -4*y + k + 115. Calculate the remainder when y is divided by m(2).
8
Calculate the remainder when ((-18)/5)/((-5)/(450/12)) is divided by 7.
6
What is the remainder when (2/5*-58)/(4/(-20)) is divided by 24?
20
Let t = 9 + -13. Let r be 1/t + 658/8. Suppose 2*c - r = -26. Calculate the remainder when c is divided by 10.
8
Let n(i) = i**2 + 2*i - 5. What is the remainder when 27 is divided by n(-5)?
7
Suppose -2*u = -3*u + 2. Suppose 0 = u*t - 16 + 2. Calculate the remainder when 26 is divided by t.
5
Let q(r) = r**3 + 6*r**2 - 2*r + 1. Let n be q(-6). Let h = 4 + n. What is the remainder when h is divided by (-80)/(-14) - (-4)/14?
5
Suppose -3*c = 12 - 87. Let f(o) = -o**2 + 9. Suppose 0 = -2*d - d. Calculate the remainder when c is divided by f(d).
7
Let n(l) be the third derivative of l**6/120 + 2*l**5/15 + l**4/3 - l**3/2 - 2*l**2. Calculate the remainder when 61 is divided by n(-6).
19
Let w(n) = -14*n - 29. Let j(x) = 5*x + 10. Let o(d) = -11*j(d) - 4*w(d). Calculate the remainder when 47 is divided by o(10).
15
Suppose 0 = -2*a - 2, 0 = 5*y + 4*a + 14. Suppose -2 = -s - 0*s. Calculate the remainder when (-1)/(y - (-15)/9) is divided by s.
1
Let a = 9 + -11. Calculate the remainder when a - (-11 + 0 + -3) is divided by 7.
5
Let h(w) = 3*w + 5. Let d be 4/8*(-2 - -28). Suppose 6*t - 2*t = 60. Calculate the remainder when h(d) is divided by t.
14
Let g = -79 - -148. Calculate the remainder when g is divided by 35.
34
Let t(r) = -4*r + 4. Let l be t(3). Let z(c) be the first derivative of -c**3/3 - 11*c**2/2 - 12*c - 1. What is the remainder when 34 is divided by z(l)?
10
Let c(n) = -14*n - 5. Calculate the remainder when c(-2) is divided by 9.
5
Let r(s) = 4*s - 1. Let q(i) = 7*i**2. Let m be q(1). What is the remainder when r(m) is divided by 14?
13
Let v = 12 + -10. Suppose -5*d + 21 = -2*h - 58, v*d - 4*h - 22 = 0. What is the remainder when 49 is divided by d?
15
Let f = 54 - 36. What is the remainder when f is divided by 10?
8
Let s = 28 - 7. Calculate the remainder when 37 is divided by ((-60)/s)/((-2)/7).
7
Let h = 16 + -22. Let d = 12 + h. Calculate the remainder when 9 is divided by d.
3
Suppose 6*f = f + 40. Let p(j) = -j**2 - 34*j - 49. Calculate the remainder when p(-32) is divided by f.
7
Suppose -4*f + g = 2*g - 28, -2*f + 24 = 3*g. What is the remainder when 17 is divided by f?
5
Suppose 3*x + 5*m = -22, -5*x - 4*m - 9 = 6. Suppose -x + 9 = h. What is the remainder when ((-12)/(-3))/((-4)/(-14)) is divided by h?
6
Suppose 2*r + 522 = 8*r. What is the remainder when r is divided by 25?
12
Suppose 0*o = -5*o + 20. Suppose -o*v + 440 = v. Let l = v - 57. What is the remainder when l is divided by 16?
15
Suppose w - 122 = -3*a + 7, -4*a = -w - 165. What is the remainder when a is divided by 11?
9
Let a(s) be the third derivative of s**6/120 + 2*s**5/15 + s**4/8 - 5*s**3/3 + s**2. Calculate the remainder when a(-7) is divided by 10.
8
Let h be 4 - -1 - (3 + -2). Suppose 5*l = -h*o + 56, l + 2*o + 38 = 4*l. What is the remainder when 34 is divided by l?
10
Let a = -2 + 0. Let n be ((-6)/(-4))/(a/(-4)). Suppose -w = n - 7. Calculate the remainder when 10 is divided by w.
2
Suppose 3*d + 3*u = 108, -5*d - u + 174 = 2*u. Calculate the remainder when d is divided by -1*(-4 + 1)*3.
6
Suppose 0 = -g + 5*p + 22, -3 = -0*p - p. Let q = -18 + g. Suppose 3*n - 8 = q. Calculate the remainder when 26 is divided by n.
8
Let o(k) be the first derivative of 4*k**2 - 6*k - 1. Suppose 1 = -2*t - 5, 4*t + 24 = 3*r. Calculate the remainder when o(r) is divided by 9.
8
Let n(s) = 40*s - 2. Calculate the remainder when n(1) is divided by 20.
18
Suppose 4*i + 3*b - 8 = b, 0 = -i + 3*b + 2. Suppose -2*l - i*l + 24 = 0. What is the remainder when 22 is divided by l?
4
Suppose p = 52 + 13. Suppose -88 = -c - 3*c - x, c + 5*x = 22. Calculate the remainder when p is divided by c.
21
Let a = -20 - -30. Calculate the remainder when 47 is divided by a.
7
Suppose -w + 27 = -5*s, 3*w + 5*s + 5 + 14 = 0. Let m = -3 - -4. Suppose 3*r + p = w*p + m, -15 = 5*r - 5*p. Calculate the remainder when 4 is divided by r.
0
Let c(p) = p + 5. Let t be c(0). Suppose b - 35 = -b + t*g, 13 = b - 4*g. Calculate the remainder when b is divided by 13.
12
Calculate the remainder when 3/((-15)/(-190)*2/3) is divided by 15.
12
Let y = 107 + -38. Suppose -h = -3*m + 453, 4*h = 3*m - 531 + y. Calculate the remainder when 46 is divided by m/9 - 4/6.
14
Suppose 2*u = 3*y + 42 + 28, 2*y - 60 = -2*u. Suppose -2*m = -8 - 26. Calculate the remainder when u is divided by m.
15
Let q(n) = 3*n**2 + 4*n - 4. Suppose 0*p - 4*p - 16 = 0. Let l(x) = 2*x**2 + 2. What is the remainder when q(p) is divided by l(2)?
8
Suppose -2*c + 1 + 11 = 0. Let p = c + -3. What is the remainder when 4 is divided by p?
1
Let t(k) = k**3 + 7*k**2 + 4*k - 4. Calculate the remainder when (-110)/(-66)*78/10 is divided by t(-6).
5
Let u be (0 + -3)/((-18)/48). Let s(p) = -p**2 + 10*p - 6. Suppose -4*a + 21 = -3. Calculate the remainder when s(u) is divided by a.
4
What is the remainder when 1 + 9/3 + 35 is divided by 14?
11
Let q(t) be the third derivative of t**4/24 - t**3/6 + 3*t**2. Calculate the remainder when q(12) is 